{"id":78979,"date":"2024-12-16T00:49:08","date_gmt":"2024-12-15T23:49:08","guid":{"rendered":"https:\/\/plotterfolie.nl\/shop\/?post_type=product&#038;p=78979"},"modified":"2026-05-01T21:29:09","modified_gmt":"2026-05-01T19:29:09","slug":"silhouette-cameo-pro-mk-ii-mk2","status":"publish","type":"product","link":"https:\/\/plotterfolie.nl\/shop\/product\/silhouette-cameo-pro-mk-ii-mk2\/","title":{"rendered":"Silhouette CAMEO PRO MK-II"},"content":{"rendered":"<div class=\"product-section\">\n<div class=\"row\">\n<div class=\"large-2 col pb-0 mb-0\">\n<h5><\/h5>\n<h5 class=\"uppercase mt\">Informatie<\/h5>\n<\/div>\n<div class=\"large-10 col pb-0 mb-0\">\n<div class=\"panel entry-content\">\n<p>De Silhouette CAMEO PRO MK-II is de nieuwste evolutie in Silhouette\u2019s lijn van snijmachines, met nieuwe functies die de functionaliteit en het gebruiksgemak verhogen. Nieuwe functies<br \/>\nzijn onder andere een tweede aangedreven wagen, een stiller werkend model en een noodstopfunctie. De Silhouette CAMEO PRO MK-II is uitgerust met verbeterde laadbaarheid en extra hulprollen voor meer stabiliteit tijdens het gebruik. De introductie van nieuwe mogelijkheden voor elektrisch gereedschap,<br \/>\nwaaronder de warmtepen, vergroot de veelzijdigheid van de machine.<\/p>\n<p>De Silhouette CAMEO PRO MK-II biedt een snijbreedte van 24 inch (60,96 cm), een van de grootste op de markt. Makers kunnen hun creatieve idee\u00ebn op grotere schaal tot leven brengen, hetzij door een groter ontwerpformaat of door de mogelijkheid om meer kleine ontwerpen in \u00e9\u00e9n keer te snijden. Silhouette-standaard: een oplossing voor het cre\u00ebren met lange materialen<\/p>\n<p>Samen met de CAMEO PRO MK-II biedt Silhouette een nieuwe standaard om het gebruik van lange materialen in het creatieve proces te vereenvoudigen. De standaard is compatibel met het CAMEO 4-model en later. Het is perfect voor het maken van grote projecten in een kleine ruimte, met de mand die het materiaal vasthoudt voor en nadat het door de machine wordt gevoerd, waardoor wordt voorkomen dat het materiaal vuil wordt en aan de vloer blijft plakken. Dit maximaliseert de functionaliteit van de CAMEO PRO MK-II, waardoor de gebruiker bij elk gebruik meer kan maken. De standaard gebruikt de ruimte effectief en verbetert de effici\u00ebntie voor makers die snel een grote hoeveelheid projecten willen produceren.<\/p>\n<\/div>\n<\/div>\n<\/div>\n<\/div>\n<div class=\"product-section\">\n<div class=\"row\">\n<div class=\"large-2 col pb-0 mb-0\">\n<h5 class=\"uppercase mt\">Details<\/h5>\n<\/div>\n<div class=\"large-10 col pb-0 mb-0\">\n<div class=\"panel entry-content\">\n<table class=\"woocommerce-product-attributes shop_attributes\" aria-label=\"Productdetails\">\n<tbody>\n<tr class=\"woocommerce-product-attributes-item woocommerce-product-attributes-item--weight\">\n<th class=\"woocommerce-product-attributes-item__label\" scope=\"row\">Gewicht<\/th>\n<td class=\"woocommerce-product-attributes-item__value\">12 kg<\/td>\n<\/tr>\n<tr class=\"woocommerce-product-attributes-item woocommerce-product-attributes-item--dimensions\">\n<th class=\"woocommerce-product-attributes-item__label\" scope=\"row\">Verpakkingsinformatie<\/th>\n<td class=\"woocommerce-product-attributes-item__value\">99,7 \u00d7 29,6 \u00d7 25,0 cm<\/td>\n<\/tr>\n<tr class=\"woocommerce-product-attributes-item woocommerce-product-attributes-item--attribute_pa_model\">\n<th class=\"woocommerce-product-attributes-item__label\" scope=\"row\">Model<\/th>\n<td class=\"woocommerce-product-attributes-item__value\">Cameo 5<\/td>\n<\/tr>\n<tr class=\"woocommerce-product-attributes-item woocommerce-product-attributes-item--attribute_maximale-snijlengte\">\n<th class=\"woocommerce-product-attributes-item__label\" scope=\"row\">Maximale snijlengte<\/th>\n<td class=\"woocommerce-product-attributes-item__value\">48,76 cm<\/td>\n<\/tr>\n<tr class=\"woocommerce-product-attributes-item woocommerce-product-attributes-item--attribute_gegarandeerd-werkgebied\">\n<th class=\"woocommerce-product-attributes-item__label\" scope=\"row\">Gegarandeerd werkgebied<\/th>\n<td class=\"woocommerce-product-attributes-item__value\">59 x 61 cm met een snijmat<\/td>\n<\/tr>\n<tr class=\"woocommerce-product-attributes-item woocommerce-product-attributes-item--attribute_maximale-materiaaldikte\">\n<th class=\"woocommerce-product-attributes-item__label\" scope=\"row\">Maximale materiaaldikte<\/th>\n<td class=\"woocommerce-product-attributes-item__value\">3 mm<\/td>\n<\/tr>\n<tr class=\"woocommerce-product-attributes-item woocommerce-product-attributes-item--attribute_maximale-snijsnelheid\">\n<th class=\"woocommerce-product-attributes-item__label\" scope=\"row\">Maximale snijsnelheid<\/th>\n<td class=\"woocommerce-product-attributes-item__value\">300 mm\/s<\/td>\n<\/tr>\n<tr class=\"woocommerce-product-attributes-item woocommerce-product-attributes-item--attribute_maximale-snijkracht-gereedschapshouder-1\">\n<th class=\"woocommerce-product-attributes-item__label\" scope=\"row\">Maximale snijkracht gereedschapshouder 1<\/th>\n<td class=\"woocommerce-product-attributes-item__value\">300 gf<\/td>\n<\/tr>\n<tr class=\"woocommerce-product-attributes-item woocommerce-product-attributes-item--attribute_maximale-snijkracht-gereedschapshouder-2\">\n<th class=\"woocommerce-product-attributes-item__label\" scope=\"row\">Maximale snijkracht gereedschapshouder 2<\/th>\n<td class=\"woocommerce-product-attributes-item__value\">Niet gespecificeerd<\/td>\n<\/tr>\n<tr class=\"woocommerce-product-attributes-item woocommerce-product-attributes-item--attribute_mechanische-resolutie\">\n<th class=\"woocommerce-product-attributes-item__label\" scope=\"row\">Mechanische resolutie<\/th>\n<td class=\"woocommerce-product-attributes-item__value\">0.00625 mm<\/td>\n<\/tr>\n<tr class=\"woocommerce-product-attributes-item woocommerce-product-attributes-item--attribute_programmeerbare-resolutie\">\n<th class=\"woocommerce-product-attributes-item__label\" scope=\"row\">Programmeerbare resolutie<\/th>\n<td class=\"woocommerce-product-attributes-item__value\">0.05 mm<\/td>\n<\/tr>\n<tr class=\"woocommerce-product-attributes-item woocommerce-product-attributes-item--attribute_registratiemerk-lezen\">\n<th class=\"woocommerce-product-attributes-item__label\" scope=\"row\">Registratiemerk Lezen<\/th>\n<td class=\"woocommerce-product-attributes-item__value\">Ja<\/td>\n<\/tr>\n<tr class=\"woocommerce-product-attributes-item woocommerce-product-attributes-item--attribute_meshouders\">\n<th class=\"woocommerce-product-attributes-item__label\" scope=\"row\">Meshouders<\/th>\n<td class=\"woocommerce-product-attributes-item__value\">2<\/td>\n<\/tr>\n<tr class=\"woocommerce-product-attributes-item woocommerce-product-attributes-item--attribute_automatische-aanpassing-voor-messen\">\n<th class=\"woocommerce-product-attributes-item__label\" scope=\"row\">Automatische aanpassing voor messen<\/th>\n<td class=\"woocommerce-product-attributes-item__value\">Ja<\/td>\n<\/tr>\n<tr class=\"woocommerce-product-attributes-item woocommerce-product-attributes-item--attribute_interfaces\">\n<th class=\"woocommerce-product-attributes-item__label\" scope=\"row\">Interfaces<\/th>\n<td class=\"woocommerce-product-attributes-item__value\">USB2.0 (VOLLEDIGE snelheid)\/Bluetooth<\/td>\n<\/tr>\n<tr class=\"woocommerce-product-attributes-item woocommerce-product-attributes-item--attribute_nominale-voeding\">\n<th class=\"woocommerce-product-attributes-item__label\" scope=\"row\">Nominale voeding<\/th>\n<td class=\"woocommerce-product-attributes-item__value\">AC-adapter 24 VDC (1,25 A)<\/td>\n<\/tr>\n<tr class=\"woocommerce-product-attributes-item woocommerce-product-attributes-item--attribute_stroomverbruik\">\n<th class=\"woocommerce-product-attributes-item__label\" scope=\"row\">Stroomverbruik<\/th>\n<td class=\"woocommerce-product-attributes-item__value\">27W<\/td>\n<\/tr>\n<tr class=\"woocommerce-product-attributes-item woocommerce-product-attributes-item--attribute_werkomgeving\">\n<th class=\"woocommerce-product-attributes-item__label\" scope=\"row\">Werkomgeving<\/th>\n<td class=\"woocommerce-product-attributes-item__value\">10 tot 35 graden Celsius, 35 tot 75% relatieve vochtigheid (niet-condenserend)<\/td>\n<\/tr>\n<tr class=\"woocommerce-product-attributes-item woocommerce-product-attributes-item--attribute_gegarandeerde-operationele-omgeving\">\n<th class=\"woocommerce-product-attributes-item__label\" scope=\"row\">Gegarandeerde operationele omgeving<\/th>\n<td class=\"woocommerce-product-attributes-item__value\">16 tot 32 graden Celsius, 35 tot 70% relatieve vochtigheid (niet-condenserend)<\/td>\n<\/tr>\n<tr class=\"woocommerce-product-attributes-item woocommerce-product-attributes-item--attribute_afmetingen-van-de-eenheid-b-x-d-x-h\">\n<th class=\"woocommerce-product-attributes-item__label\" scope=\"row\">Afmetingen van de eenheid (B x D x H)<\/th>\n<td class=\"woocommerce-product-attributes-item__value\">87,6 x 19,5 x 17,0 cm<\/td>\n<\/tr>\n<tr class=\"woocommerce-product-attributes-item woocommerce-product-attributes-item--attribute_eenheidsgewicht\">\n<th class=\"woocommerce-product-attributes-item__label\" scope=\"row\">Eenheidsgewicht<\/th>\n<td class=\"woocommerce-product-attributes-item__value\">9.0 kg<\/td>\n<\/tr>\n<tr class=\"woocommerce-product-attributes-item woocommerce-product-attributes-item--attribute_bijbehorend-besturingssysteem\">\n<th class=\"woocommerce-product-attributes-item__label\" scope=\"row\">Bijbehorend besturingssysteem<\/th>\n<td class=\"woocommerce-product-attributes-item__value\">Windows 10 of hoger\/Mac OS 10.10 en hoger<\/td>\n<\/tr>\n<\/tbody>\n<\/table>\n<\/div>\n<\/div>\n<\/div>\n<\/div>\n","protected":false},"excerpt":{"rendered":"<p>De\u00a0<strong>Silhouette CAMEO PRO MK-II<\/strong>\u00a0is de ultieme snijplotter voor zowel beginners als professionals<strong>.<\/strong> Met haar intu\u00eftieve software en krachtige motor snijdt ze moeiteloos door een breed scala aan materialen, van vinyl en papier tot stof en leer.<\/p>\n<p><strong>Momenteel uit voorraad leverbaar. Wanneer onze voorraad op is worden de bestellingen uitgeleverd in de tweede week van januari!<\/strong><\/p>\n","protected":false},"featured_media":78984,"comment_status":"open","ping_status":"closed","template":"","meta":{"_gspb_post_css":"","_price":"599.95","_stock":"-4","_tribe_ticket_header":"","_tribe_default_ticket_provider":"","_ticket_start_date":"","_ticket_end_date":"","_tribe_ticket_show_description":"","_tribe_ticket_show_not_going":false,"_tribe_ticket_use_global_stock":"","_tribe_ticket_global_stock_level":"","_global_stock_mode":"","_global_stock_cap":"","_tribe_rsvp_for_event":"","_tribe_ticket_going_count":"","_tribe_ticket_not_going_count":"","_tribe_tickets_list":"[]","_tribe_ticket_has_attendee_info_fields":false,"_bst_post_transparent":"","_bst_post_title":"","_bst_post_layout":"","_bst_post_sidebar_id":"","_bst_post_content_style":"","_bst_post_vertical_padding":"","_bst_post_feature":"","_bst_post_feature_position":"","_bst_post_header":false,"_bst_post_footer":false,"jetpack_post_was_ever_published":false,"_tec_slr_enabled":"","_tec_slr_layout":""},"product_brand":[],"product_cat":[2157],"product_tag":[],"product_brands":[],"class_list":{"0":"post-78979","1":"product","2":"type-product","3":"status-publish","4":"has-post-thumbnail","6":"product_cat-snijplotters-2","8":"first","9":"onbackorder","10":"taxable","11":"shipping-taxable","12":"purchasable","13":"product-type-simple","14":"entry","15":"content-bg","16":"loop-entry"},"jetpack_sharing_enabled":true,"_links":{"self":[{"href":"https:\/\/plotterfolie.nl\/shop\/wp-json\/wp\/v2\/product\/78979","targetHints":{"allow":["GET"]}}],"collection":[{"href":"https:\/\/plotterfolie.nl\/shop\/wp-json\/wp\/v2\/product"}],"about":[{"href":"https:\/\/plotterfolie.nl\/shop\/wp-json\/wp\/v2\/types\/product"}],"replies":[{"embeddable":true,"href":"https:\/\/plotterfolie.nl\/shop\/wp-json\/wp\/v2\/comments?post=78979"}],"wp:featuredmedia":[{"embeddable":true,"href":"https:\/\/plotterfolie.nl\/shop\/wp-json\/wp\/v2\/media\/78984"}],"wp:attachment":[{"href":"https:\/\/plotterfolie.nl\/shop\/wp-json\/wp\/v2\/media?parent=78979"}],"wp:term":[{"taxonomy":"product_brand","embeddable":true,"href":"https:\/\/plotterfolie.nl\/shop\/wp-json\/wp\/v2\/product_brand?post=78979"},{"taxonomy":"product_cat","embeddable":true,"href":"https:\/\/plotterfolie.nl\/shop\/wp-json\/wp\/v2\/product_cat?post=78979"},{"taxonomy":"product_tag","embeddable":true,"href":"https:\/\/plotterfolie.nl\/shop\/wp-json\/wp\/v2\/product_tag?post=78979"},{"taxonomy":"product_brands","embeddable":true,"href":"https:\/\/plotterfolie.nl\/shop\/wp-json\/wp\/v2\/product_brands?post=78979"}],"curies":[{"name":"wp","href":"https:\/\/api.w.org\/{rel}","templated":true}]}}